 of 6?
True
Is 226 a factor of 1703362?
True
Is 447 a factor of 787167?
True
Is 57 a factor of 394372?
False
Is 439 a factor of 6650850?
True
Does 915 divide 1507920?
True
Does 121 divide 74493?
False
Is 2248834 a multiple of 841?
True
Does 56 divide 11648?
True
Is 106 a factor of 6432779?
False
Is 61880 a multiple of 28?
True
Is 684 a factor of 1055450?
False
Is 22 a factor of 1031270?
False
Is 206 a factor of 425802?
True
Is 127010 a multiple of 9?
False
Is 1119650 a multiple of 14?
True
Is 11 a factor of 5395?
False
Is 974680 a multiple of 148?
False
Does 12 divide 179400?
True
Is 180474 a multiple of 17?
False
Is 41832 a multiple of 42?
True
Is 693 a factor of 1522521?
True
Is 1069579 a multiple of 168?
False
Is 141 a factor of 253135?
False
Is 220545 a multiple of 65?
True
Does 1034 divide 17249922?
False
Is 5 a factor of 43305?
True
Is 106990 a multiple of 10?
True
Is 582 a factor of 8727055?
False
Is 291 a factor of 3677076?
True
Is 24111 a multiple of 2?
False
Is 1638883 a multiple of 670?
False
Is 142135 a multiple of 18?
False
Is 236995 a multiple of 115?
False
Is 27 a factor of 1497536?
False
Is 16 a factor of 2380287?
False
Is 357 a factor of 2439738?
True
Does 22 divide 3111196?
True
Does 4 divide 63604?
True
Does 303 divide 58176?
True
Does 205 divide 1202530?
True
Is 1208569 a multiple of 51?
False
Is 37 a factor of 18719?
False
Is 36 a factor of 238464?
True
Is 175 a factor of 202672?
False
Is 95598 a multiple of 23?
False
Is 190 a factor of 196460?
True
Is 1641490 a multiple of 17?
False
Is 45121 a multiple of 7?
False
Does 20 divide 110537?
False
Is 34 a factor of 738004?
True
Is 494 a factor of 910213?
False
Is 54059 a multiple of 14?
False
Is 217092 a multiple of 158?
True
Is 9862 even?
True
Is 9 a factor of 12525463?
False
Is 2802907 a multiple of 78?
False
Does 40 divide 369787?
False
Is 182 a factor of 693238?
True
Is 315282 a multiple of 426?
False
Does 25 divide 1296900?
True
Does 176 divide 277424?
False
Does 10 divide 236540?
True
Is 35318 a multiple of 372?
False
Is 2512390 a multiple of 554?
True
Does 15 divide 78192?
False
Is 5821924 a multiple of 436?
False
Is 66 a factor of 1726667?
False
Is 200640 a multiple of 456?
True
Does 50 divide 140250?
True
Is 550694 a multiple of 251?
True
Is 960288 a multiple of 9?
False
Is 50 a factor of 742451?
False
Does 111 divide 61272?
True
Does 138 divide 1341921?
False
Is 24596 a multiple of 26?
True
Is 73746 a multiple of 180?
False
Is 522535 a multiple of 10?
False
Does 243 divide 9963?
True
Is 25 a factor of 286250?
True
Is 37518 a multiple of 26?
True
Is 47 a factor of 671687?
False
Is 240 a factor of 96064?
False
Is 664 a factor of 359504?
False
Does 40 divide 18707760?
True
Is 577773 a multiple of 51?
False
Is 216476 a multiple of 181?
True
Does 38 divide 349372?
True
Is 5 a factor of 7210?
True
Is 110568 a multiple of 102?
True
Does 34 divide 15470?
True
Is 533600 a multiple of 16?
True
Is 14355 a multiple of 45?
True
Does 27 divide 350737?
False
Is 62 a factor of 628909?
False
Does 154 divide 373682?
False
Is 834994 a multiple of 14?
False
Is 11355 a multiple of 3?
True
Is 13 a factor of 167440?
True
Is 59 a factor of 25529?
False
Is 15 a factor of 270843?
False
Is 627042 a multiple of 26?
True
Is 247 a factor of 29887?
True
Does 101 divide 6277453?
True
Does 5 divide 2470385?
True
Is 115 a factor of 9910985?
False
Is 9 a factor of 114921?
True
Is 7287490 a multiple of 2025?
False
Is 208 a factor of 656240?
True
Does 18 divide 937118?
False
Is 43 a factor of 2080512?
True
Is 334321 a multiple of 23?
False
Does 1023 divide 298689?
False
Does 54 divide 5407776?
True
Does 1923 divide 4827679?
False
Does 28 divide 17750?
False
Is 8 a factor of 22880?
True
Does 2183 divide 3305200?
False
Does 567 divide 14179536?
True
Is 14 a factor of 13159229?
False
Is 161 a factor of 81887?
False
Is 4525134 a multiple of 7?
False
Is 11 a factor of 194986?
True
Is 3057435 a multiple of 53?
False
Is 18 a factor of 106660?
False
Is 10 a factor of 4041516?
False
Does 12 divide 121242?
False
Is 20 a factor of 22690960?
True
Is 4747 a multiple of 101?
True
Does 3 divide 201181?
False
Does 1127 divide 10042241?
False
Is 1025296 a multiple of 335?
False
Does 51 divide 1382355?
True
Is 3 a factor of 505190?
False
Does 31 divide 16678?
True
Is 225189 a multiple of 155?
False
Does 3 divide 321818?
False
Is 276402 a multiple of 56?
False
Is 6111102 a multiple of 1466?
False
Is 443896 a multiple of 66?
False
Is 31298 a multiple of 166?
False
Does 14 divide 2175779?
False
Does 14 divide 9224712?
True
Is 5980 a multiple of 13?
True
Does 7 divide 2329251?
False
Does 448 divide 491456?
True
Is 4417060 a multiple of 99?
False
Is 45 a factor of 900?
True
Does 18 divide 80820?
True
Is 565248 a multiple of 48?
True
Is 63 a factor of 52009?
False
Does 10 divide 198776?
False
Is 80 a factor of 1709979?
False
Is 445 a factor of 145977?
False
Does 20 divide 1109677?
False
Is 466 a factor of 6372084?
True
Is 1676 a factor of 4605648?
True
Is 651 a factor of 581581?
False
Is 29 a factor of 3904009?
True
Does 205 divide 8904790?
True
Is 607501 a multiple of 3?
False
Is 5 a factor of 55724?
False
Is 2154250 a multiple of 25?
True
Is 35 a factor of 2110339?
False
Is 170 a factor of 322147?
False
Is 238 a factor of 234702?
False
Is 348673 a multiple of 122?
False
Does 104 divide 1895649?
False
Is 5163043 a multiple of 50?
False
Is 155767 a multiple of 7?
False
Does 33 divide 505395?
True
Is 26 a factor of 5347832?
False
Does 219 divide 1785121?
False
Is 410663 a multiple of 37?
True
Is 442602 a multiple of 18?
True
Does 258 divide 175731?
False
Does 14 divide 1261302?
True
Does 132 divide 34904?
False
Is 50 a factor of 84744?
False
Does 516 divide 256968?
True
Is 433390 a multiple of 41?
False
Is 10714 a multiple of 8?
False
Does 21 divide 9124374?
True
Is 132 a factor of 1363692?
True
Is 1413632 even?
True
Is 3507569 a multiple of 529?
False
Is 291293 a multiple of 41?
False
Is 3915 a multiple of 13?
False
Does 47 divide 240529?
False
Does 6 divide 229402?
False
Is 532791 a multiple of 18?
False
Is 139 a factor of 6730689?
False
Is 3921192 a multiple of 88?
True
Is 106721 a multiple of 3?
False
Does 12 divide 114105?
False
Is 7 a multiple of 4?
False
Does 6 divide 44019?
False
Is 428 a factor of 359948?
True
Does 9 divide 89145?
True
Does 57 divide 18069?
True
Is 264101 a multiple of 4?
False
Is 5379595 a multiple of 13?
True
Is 417620 a multiple of 665?
True
Is 15637397 a multiple of 11?
False
Is 17420 a multiple of 67?
True
Does 461 divide 163106?
False
Is 28784 a multiple of 28?
True
Is 104 a factor of 590408?
True
Is 213 a factor of 3145446?
False
Is 87 a factor of 1114905?
True
Is 145 a factor of 108918?
False
Is 64 a factor of 50889?
False
Is 703797 a multiple of 138?
False
Is 375891 a multiple of 828?
False
Does 333 divide 340992?
True
Is 2262054 a multiple of 5?
False
Is 336 a factor of 16092384?
True
Does 5 divide 109565?
True
Does 2 divide 302480?
True
Does 21 divide 516159?
True
Is 119 a factor of 2929297?
False
Does 8 divide 76888?
True
Is 31343 a multiple of 99?
False
Does 41 divide 47627?
False
Does 13 divide 647819?
False
Is 2311214 a multiple of 38?
False
Is 77 a factor of 6985?
False
Is 7271240 a multiple of 170?
True
Does 121 divide 132253?
True
Is 11 a factor of 1825614?
False
Does 9 divide 356247?
True
Is 2112600 a multiple of 25?
True
Does 27 divide 221913?
True
Does 78 divide 359736?
True
Is 32 a factor of 432610?
False
Is 16 a factor of 1296?
True
Is 128 a factor of 5528832?
True
Does 14 divide 10570?
True
Is 1030564 a multiple of 1128?
False
Is 3265568 a multiple of 164?
True
Is 6 a factor of 1283952?
True
Is 95 a factor of 178600?
True
Is 210431 a multiple of 2?
False
Is 518899 a multiple of 263?
True
Is 174 a factor of 860952?
True
Is 292 a factor of 1782660?
True
Does 283 divide 339249?
False
Does 3 divide 55383?
True
Is 439560 a multiple of 60?
True
Is 16 a factor of 1685768?
False
Does 7 divide 47316?
False
Is 2 a factor of 3540228?
True
Does 223 divide 291896?
False
Does 105 divide 597870?
True
Is 17 a factor of 51184?
False
Is 610 a factor of 4831167?
False
Is 43879 a multiple of 3?
False
Does 105 divide 145215?
True
Is 5 a factor of 6225?
True
Is 4771701 a multiple of 167?
False
I